it of n(13)?
1
Let n(r) = 2*r**2 + 1. Let c = -14 + 10. What is the units digit of n(c)?
3
Suppose -t + 15 = 5*a, -5*t + 0*t = -3*a - 47. Suppose 2*o - 4 = t. What is the units digit of o?
7
Let q(i) = 1 - 4 - 4*i**2 + 4*i + 7 + i**3. Let l be q(4). Let k = l + -14. What is the units digit of k?
6
Let c(k) = -k**3 - 8*k**2 + 9*k + 11. Let m be 632/(-72) - 4/18. What is the units digit of c(m)?
1
Suppose 3*i = -12, -4*t - i - 104 = 4*i. Let g be (-3 + 2)*(0 + t). Suppose -l + 4*l = 2*m + 17, -4*m + g = 5*l. What is the units digit of l?
5
Suppose -w = -0*w + 5*t - 43, -4*t + 41 = w. What is the tens digit of w?
3
Let s(h) = -h**2 + 12*h - 14. What is the units digit of s(10)?
6
Suppose 4*n + 4*v + 5 - 1 = 0, -n + 3 = -v. Let q be (1 + -2)/(n/(-4)). Suppose q*h + h + 2*w = 40, -2*h = 2*w - 16. What is the units digit of h?
8
Let j(f) = 22*f**3 - f**2 + 2*f - 1. Let q be j(1). Suppose -5*i = -q - 63. What is the tens digit of i?
1
Let m = 87 + -43. What is the tens digit of m?
4
Let o = 241 + 68. What is the hundreds digit of o?
3
Let k(p) = 38*p**2 - 2*p - 1. Let m be k(-1). What is the tens digit of 1*m*4/12?
1
Let q be (-11 - -7)/(1 + 0). Let b = 3 - q. What is the units digit of b?
7
Suppose 3*h - 56 = -h. What is the units digit of h?
4
Suppose 35*l + 506 = 37*l. What is the hundreds digit of l?
2
Suppose -2*v + 5*v - 2*x - 1 = 0, 4 = 4*x. What is the units digit of v?
1
Suppose 0 = 2*p - 2*y - 213 - 191, 5*y - 383 = -2*p. What is the tens digit of p?
9
Let p be (-15)/(-1) + 6/2. Suppose p*x - 17*x = 29. What is the tens digit of x?
2
Let r(z) = -2*z - 9. Let i be 6/(-27) - (-122)/(-18). What is the units digit of r(i)?
5
What is the units digit of 0 + (-108)/6*-7?
6
Let i = -14 + 16. Suppose -i*w + 5*w = 42. What is the tens digit of w?
1
Suppose -77 = 3*o - 431. What is the tens digit of o?
1
Suppose -3*v + 39 = 4*g, -3*g = -v - 8*g + 24. Let q = v + 11. What is the units digit of q?
0
Let x = 142 + 119. What is the tens digit of x?
6
Suppose 3*s = 11 + 439. What is the units digit of s?
0
What is the units digit of 6/(-33)*-1 + (-38836)/(-209)?
6
Suppose 2*a - 4*r - 82 = 0, 0 = -4*a + a - 5*r + 112. What is the units digit of a?
9
Let m be 2/(1/((-9)/(-6))). Let u be m/6 + 10/(-4). What is the units digit of 3/(-3) - 1*u?
1
Let q = -3 + 5. Suppose 4*v = q*d, v + 6 = 3*d - 3*v. Suppose 0 = 3*j - 2*j + 3*t - 8, 2*j - 4*t = d. What is the units digit of j?
5
Let a(l) = 3 + 3 + 3 + l - 1. Let m be 4/(-6) - (-32)/(-6). What is the units digit of a(m)?
2
Suppose -6*k + 30 = -4*k - 2*v, -k + 2*v = -17. What is the units digit of k?
3
Suppose 0 = 8*t - 12*t + 24. Let s(h) = -2*h**2 + 25*h + 10. Let g(q) = -q**2 + 12*q + 5. Let b(m) = 13*g(m) - 6*s(m). What is the units digit of b(t)?
5
Let c(a) be the third derivative of 0*a + 0 + 1/60*a**5 + a**3 + 1/6*a**4 - 3*a**2. What is the tens digit of c(-6)?
1
Let t = 24 + -13. What is the tens digit of -1 + 3 + t + -2?
1
Suppose -2*j - 8 = 0, 3*i + 4*j + 8 = -8. Suppose -y = -i*y - 7. What is the units digit of y?
7
Suppose 3*r = l - 2*l + 92, 3*l + 3*r = 294. What is the tens digit of l?
0
Suppose 0 = -q - g + 8, -3*q = -g - 15 - 1. Let x(p) = p + 2. What is the units digit of x(q)?
8
Let b = -220 - -383. What is the units digit of b?
3
Suppose 4*q - 5*q = 0, 12 = 4*r - 3*q. Let s(x) = x**3 - 4*x**2 + 5*x - 3. What is the units digit of s(r)?
3
Let c(v) = 2*v + 2. Let s be c(-4). Let r be (-3)/s + 46/4. Let b = r + -6. What is the units digit of b?
6
Let v be (9 - 9)/(1/1). Let y = 2 - -4. Suppose 5*p - 3*k - 2 = v, -k = -5*p - 2*k + y. What is the units digit of p?
1
Let o = -72 + 140. Suppose 0 = 2*b - o + 4. What is the tens digit of b?
3
Let h(p) = p + 1. Let x(w) = 2*w - 3. Let k(f) = -6*h(f) + x(f). What is the tens digit of k(-7)?
1
Let c be (-13)/(-5) - 10/(-25). Suppose -s - 3 = -38. Suppose -c*v = -8*v + s. What is the units digit of v?
7
Let r(y) = y + 7. What is the tens digit of r(7)?
1
Let u(w) = -w**3 - 11*w**2 + 9*w + 10. Let g(z) = 2*z**3 + 21*z**2 - 17*z - 20. Let j(b) = 4*g(b) + 7*u(b). What is the units digit of j(-7)?
5
Suppose 0 = k + 4*a - 183, -3*a = -2*k - a + 376. What is the hundreds digit of k?
1
Let h = 1 - 2. Let k = 3 - h. Suppose -k*w + 3*w = -7. What is the units digit of w?
7
Suppose -3*k = k - 44. Let m(t) = -t**3 + 11*t**2 + 11. What is the tens digit of m(k)?
1
Let g(o) = o + 10. Let y be g(-8). Suppose -8 = -m - y. What is the units digit of m?
6
Let h = 21 + 9. What is the tens digit of h?
3
Suppose 2*z + 15 = 5*z. Let y = -7 + 11. Suppose -5*c + 5*h = -45, y*h + 6 = z*c - 38. What is the units digit of c?
8
Suppose 3*h - 2*h - 14 = 0. Suppose 3*d + h + 4 = 0. What is the tens digit of ((-22)/d)/((-2)/(-6))?
1
Let i = -4 + 11. Let l = i + 9. What is the units digit of l?
6
Let q = -130 - -301. What is the units digit of q?
1
What is the units digit of 35 + -1 - (-10 - -7)?
7
Let l be (6/(-9))/((-4)/18). Let u be l + 3*4/6. Suppose -2*q - 5*f + 15 = 0, -q - u*f = 2*q - 20. What is the units digit of q?
5
What is the units digit of 2*(-1 - 7/(-2))?
5
Suppose 0 = -5*m + 7*m - 246. What is the hundreds digit of m?
1
Suppose 2*v - 4*y + 9*y = -22, -v + 2*y + 7 = 0. Let r = 4 + v. Suppose 0 = d + 4, 4*c - 33 = 5*d + r. What is the units digit of c?
4
Suppose 4*u + 48 = 16. Let f be (-5 - -3) + (u - -1). Let m = -4 - f. What is the units digit of m?
5
Let s be (-2)/(-7) + (-174)/21. What is the units digit of 56/6 + s/24?
9
Suppose -p = -8 + 3. Suppose 27 = -m + 2*m - 5*y, p = -y. What is the units digit of (-8 + m)*2/(-3)?
4
Let u be -3*(-364)/(-3)*-1. Suppose 5*h - u = h. Suppose -35 = 4*s - h. What is the units digit of s?
4
Let j = 49 - 11. What is the units digit of j?
8
What is the units digit of 50/5*72/15?
8
Let t(d) be the second derivative of d**3/6 + 7*d**2/2 - 2*d. Let x be t(-5). What is the units digit of (-3)/(8 - x)*-2?
1
Let l(h) = h**3 - 5*h**2 - h + 11. What is the units digit of l(6)?
1
What is the units digit of 1674/12 + 6/(-4)?
8
Suppose b - 122 = -2*l, 0 = -5*b + 5*l - 84 + 739. Let w = -91 + b. What is the units digit of w?
7
Let a(i) = 5*i - i - 5*i**2 + 0*i**3 - i**3 + 3. What is the units digit of a(-6)?
5
Let c(g) = g**3 + 10*g**2 + 3. Let z be c(-10). Suppose 0 = -2*l + z*l - 9. What is the units digit of l?
9
Let b(z) = -z + 14. Let n be b(5). Let r = 24 + n. What is the tens digit of r?
3
Let i = 12 - 6. Let j be 5/((-15)/i) - 3. Let s = -3 - j. What is the units digit of s?
2
Suppose -2*w - 6 = -2*j, 3*w - 5 = -j - 3*j. Suppose 2 = j*p + 4. Let o(n) = -n**3 + n**2. What is the units digit of o(p)?
2
Suppose 4*l = 1 + 15. Suppose -l = -i - 2. Suppose -2*s = -4*s + i. What is the units digit of s?
1
Suppose 2 = -5*i + 17. Suppose 0 = i*r + 1 - 19. What is the units digit of r?
6
Suppose 4*p - 499 = c, 0*c - 3*c = p - 141. What is the hundreds digit of p?
1
Let j(f) = -f**2 - 4*f + 4. Let h be j(-4). Suppose 0 = h*k - 20. What is the units digit of k?
5
Suppose -7*n + 5*t - 19 = -4*n, -n + 12 = 2*t. Suppose -n*w - 4*h = -26, 0 = -w + 5*h + 7 - 1. What is the tens digit of w?
1
Suppose 10*s - 8*s = 0. Suppose -2*z - 3*z - 5*d + 300 = s, 5*d = 4*z - 213. What is the tens digit of z?
5
Let w = -45 + 63. What is the units digit of w?
8
Suppose 6*q = 254 + 400. What is the tens digit of q?
0
Suppose 0 = -3*i + 4*i - 3*o - 5, -2*i - 4*o = 0. What is the units digit of 6 - 2/(4/i)?
5
Let v(u) = -u**2 - u - 10. Let i be v(0). Let z = 21 + i. What is the tens digit of z?
1
Let h = -27 - -39. What is the units digit of h?
2
Suppose -2*v + 14 = 4*g - v, g = -2*v. Let p = g + 1. Suppose 2*c + 27 = p*c. What is the units digit of c?
9
Let a = 6 - 9. Let n be 5 - ((-2 - -2) + 0). Let h = n + a. What is the units digit of h?
2
Let b = 13 + -8. Suppose 0 = 2*z - b - 7. What is the units digit of z?
6
Let g be ((-11)/2)/(6/(-12)). Suppose -s - 3 = -g. Suppose -s = -3*q + 4. What is the units digit of q?
4
What is the units digit of 125/2 - 6/12?
2
Let m be 58/18 - (-10)/(-45). Suppose -1 = -m*d + t, -d - 2*d + 4 = -4*t. Suppose -w + 15 = -d*w. What is the tens digit of w?
1
Suppose 3*r - 4*u - 20 = 39, -3*r + 2*u = -49. Let k = r - 9. Suppose -4*n + 20 + k = 0. What is the units digit of n?
6
Suppose 4*g - 4*s = 8, 3 = -g + 2*s + 4. Suppose 4*a = -g - 1